e the remainder when 41097501 is divided by 53.
29
What is the remainder when 97433 is divided by 973?
133
What is the remainder when 1228971 is divided by 10073?
65
Calculate the remainder when 1283861 is divided by 55.
51
Calculate the remainder when 98951451 is divided by 19790288.
11
Calculate the remainder when 756124 is divided by 7561.
24
Calculate the remainder when 39340 is divided by 9618.
868
What is the remainder when 5424309 is divided by 177?
144
What is the remainder when 52034227 is divided by 427?
7
What is the remainder when 2960634 is divided by 367?
45
What is the remainder when 105484 is divided by 2461?
2122
Calculate the remainder when 5799803 is divided by 2609.
2605
What is the remainder when 1235501 is divided by 617734?
33
What is the remainder when 73467 is divided by 23400?
3267
Calculate the remainder when 3831629 is divided by 6190.
19
Calculate the remainder when 4009888 is divided by 2004942.
4
What is the remainder when 2788 is divided by 233?
225
What is the remainder when 6852 is divided by 5937?
915
What is the remainder when 5661 is divided by 612?
153
What is the remainder when 1607989 is divided by 2105?
1874
Calculate the remainder when 39427 is divided by 13142.
1
What is the remainder when 1669813 is divided by 206?
183
What is the remainder when 7836941 is divided by 8096?
13
What is the remainder when 2247460 is divided by 5591?
5469
Calculate the remainder when 1160733 is divided by 450.
183
Calculate the remainder when 3643023 is divided by 200.
23
What is the remainder when 24252124 is divided by 8084040?
4
What is the remainder when 8410648 is divided by 2803511?
115
Calculate the remainder when 30266820 is divided by 56.
52
What is the remainder when 3859927 is divided by 1381?
32
What is the remainder when 238829549 is divided by 41?
39
Calculate the remainder when 234013 is divided by 233052.
961
Calculate the remainder when 190058 is divided by 94621.
816
What is the remainder when 130249034 is divided by 29683?
30
What is the remainder when 728628 is divided by 1747?
129
What is the remainder when 1558696 is divided by 699?
625
What is the remainder when 1239743 is divided by 59034?
29
Calculate the remainder when 2724972 is divided by 681239.
16
What is the remainder when 3712043 is divided by 235?
218
Calculate the remainder when 1221599 is divided by 19086.
95
Calculate the remainder when 73490596 is divided by 1792453.
23
What is the remainder when 667253 is divided by 36?
29
What is the remainder when 1280932 is divided by 1280838?
94
Calculate the remainder when 540561 is divided by 1838.
189
What is the remainder when 45731 is divided by 607?
206
Calculate the remainder when 3825 is divided by 1225.
150
Calculate the remainder when 11515546 is divided by 66.
64
What is the remainder when 5555 is divided by 1689?
488
Calculate the remainder when 2925111 is divided by 3712.
55
Calculate the remainder when 12143944 is divided by 146.
102
What is the remainder when 98099 is divided by 2812?
2491
Calculate the remainder when 25170 is divided by 8035.
1065
Calculate the remainder when 85612539 is divided by 21403131.
15
What is the remainder when 157671 is divided by 26173?
633
What is the remainder when 42515699 is divided by 2307?
2303
Calculate the remainder when 330872 is divided by 2220.
92
Calculate the remainder when 1066868 is divided by 2153.
1133
What is the remainder when 3124271 is divided by 871?
865
What is the remainder when 258129 is divided by 36875?
4
Calculate the remainder when 61167 is divided by 2242.
633
What is the remainder when 450476 is divided by 120?
116
What is the remainder when 490892 is divided by 162929?
2105
What is the remainder when 3578963 is divided by 336?
227
What is the remainder when 22937 is divided by 2433?
1040
Calculate the remainder when 42929621 is divided by 841757.
14
What is the remainder when 205513 is divided by 6597?
1006
What is the remainder when 23766763 is divided by 1112?
1099
What is the remainder when 523135 is divided by 801?
82
Calculate the remainder when 41666047 is divided by 179595.
7
Calculate the remainder when 260888 is divided by 7444.
348
Calculate the remainder when 1373416017 is divided by 4140.
4137
Calculate the remainder when 71254880 is divided by 71254871.
9
Calculate the remainder when 20183430 is divided by 262.
260
What is the remainder when 540571 is divided by 47?
24
Calculate the remainder when 10635446 is divided by 3964.
34
What is the remainder when 1456025 is divided by 41?
33
What is the remainder when 64397025 is divided by 613305?
0
What is the remainder when 13574 is divided by 244?
154
What is the remainder when 13562560 is divided by 5327?
18
What is the remainder when 303030 is divided by 20202?
0
Calculate the remainder when 17222253 is divided by 55.
48
What is the remainder when 30984 is divided by 2134?
1108
What is the remainder when 1503170 is divided by 40626?
8
What is the remainder when 205246 is divided by 204877?
369
What is the remainder when 442502 is divided by 49161?
53
What is the remainder when 5589716 is divided by 577?
317
What is the remainder when 316226 is divided by 391?
298
What is the remainder when 1038183 is divided by 1032?
1023
Calculate the remainder when 114034970 is divided by 70.
0
What is the remainder when 26414 is divided by 8387?
1253
What is the remainder when 8190027 is divided by 4408?
4371
What is the remainder when 2331 is divided by 147?
126
Calculate the remainder when 148329 is divided by 939.
906
Calculate the remainder when 2810846 is divided by 44.
38
What is the remainder when 1781103 is divided by 93740?
43
What is the remainder when 54033488 is divided by 289?
25
Calculate the remainder when 1211092 is divided by 1211041.
51
What is the remainder when 188779345 is divided by 4840?
4825
Calculate the remainder when 14158359 is divided by 41278.
5
What is the remainder when 29691 is divided by 9623?
822
Calculate the remainder when 426327 is divided by 1831.
1535
What is the remainder when 2179398 is divided by 54?
12
What is the remainder when 33162359 is divided by 88?
87
What is the remainder when 549360 is divided by 12468?
768
What is the remainder when 356373069 is divided by 2034?
2031
Calculate the remainder when 732344 is divided by 245.
39
What is the remainder when 1368774 is divided by 1538?
1492
What is the remainder when 134534 is divided by 1212?
2
What is the remainder when 22284 is divided by 18207?
4077
Calculate the remainder when 2357406 is divided by 1364.
414
What is the remainder when 54869 is divided by 1467?
590
Calculate the remainder when 143771206 is divided by 135.
121
What is the remainder when 153098 is divided by 129?
104
What is the remainder when 378222 is divided by 6303?
42
Calculate the remainder when 81986 is divided by 1643.
1479
Calculate the remainder when 8251851 is divided by 2750612.
15
Calculate the remainder when 156621 is divided by 153621.
3000
Calculate the remainder when 65954 is divided by 62984.
2970
Calculate the remainder when 8450 is divided by 2656.
482
What is the remainder when 5722692 is divided by 2270?
22
What is the remainder when 153972 is divided by 2164?
328
What is the remainder when 186250 is divided by 379?
161
Calculate the remainder when 1126954 is divided by 1126896.
58
Calculate the remainder when 4831728 is divided by 1903.
11
Calculate the remainder when 1327488 is divided by 76.
72
What is the remainder when 310834407 is divided by 579?
573
Calculate the remainder when 36146887 is divided by 1345.
12
What is the remainder when 10350842 is divided by 269?
260
Calculate the remainder when 1633723 is divided by 34.
23
What is the remainder when 1081587 is divided by 360509?
60
What is the remainder when 603722 is divided by 520?
2
What is the remainder when 19715497 is divided by 6585?
7
What is the remainder when 184698 is divided by 89?
23
What is the remainder when 1748081 is divided by 9348?
5
Calculate the remainder when 11791094 is divided by 374.
370
What is the remainder when 4527288 is divided by 813?
504
Calculate the remainder when 468554084 is divided by 154.
152
Calculate the remainder when 30968478 is divided by 32.
30
Calculate the remainder when 11118992 